 l be r(12). What is the highest common divisor of l and 72?
9
Suppose 0 = -3*l + 3 - 6, 4*w = 2*l + 182. Calculate the highest common divisor of 9 and w.
9
Suppose 2*k - 16 = -0*k. Let f be (-4)/(-16) - (-414)/k. Suppose -15 = -t - s, 0 = -2*t + 6*t - 2*s - 48. What is the highest common divisor of f and t?
13
Suppose 4*t - 56 = -0*t. What is the highest common factor of 126 and t?
14
Let z be 14 + 0 + -2 + 0. Suppose 5*f = y - 43, -4*f = -5*y + 25 + 85. What is the highest common factor of y and z?
6
Suppose y - 484 = -5*z - 171, 3*z - 181 = -4*y. Calculate the greatest common divisor of 42 and z.
21
Let z be ((-3)/(-6))/(1/50). Let u = 12 + -8. Let p be (-11)/22 + 702/u. What is the greatest common factor of p and z?
25
Suppose -126 + 42 = -3*l. Calculate the highest common divisor of l and 70.
14
Let x be (-1 + 2)/((-1)/(-18)). Let b = 37 + -19. What is the highest common factor of b and x?
18
Let h be (-95)/1*(5 - 6). What is the highest common divisor of 19 and h?
19
Let a be (-3)/12*-2*0. Suppose -4*c + n + 3*n + 20 = a, -4*c + 19 = -3*n. What is the highest common factor of c and 12?
4
Let w(m) = m**2 + 2*m + 10. Let c be w(-6). Calculate the highest common divisor of 136 and c.
34
Suppose -12*i = -11*i - 6. Let j(z) = -2*z - 2. Suppose 5*s + 3*u + 13 = 0, -5*s + 2*u = -u + 7. Let t be j(s). Calculate the greatest common factor of t and i.
2
Let b = -34 + -20. Let t be (b/21)/((-6)/56). What is the greatest common divisor of t and 216?
24
Let n be -6*(-3 - 16/(-6)). Suppose -3*p - 3*w = -162, n*p - 5*w = -0*w + 122. What is the highest common factor of 7 and p?
7
Let s be (-1)/3 + (-146)/(-6). Suppose -9 = 2*v + 5*r, 5*r = -0*r - 15. What is the highest common factor of s and v?
3
Let x = 4 - -4. Suppose 4*i - 290 = -34. Suppose -i = -0*y - 4*y. What is the highest common factor of y and x?
8
Let t(h) = h**3 + 1. Let k be t(0). What is the highest common factor of 4 and k?
1
Let y(f) = 4*f - 7. Suppose -2*s + 2*w = 5*w - 1, 5*s = 5*w + 40. Let z be y(s). Let r be 13/(1 - 5/6). Calculate the greatest common factor of z and r.
13
Suppose 5*r - 154 = -0*r - 2*x, -2*r - x + 61 = 0. Let k(u) = u**2 + 6*u + 9. Let w be k(-7). Calculate the greatest common factor of r and w.
16
Let o(t) = t**2 - t + 6. Let w be o(7). What is the greatest common divisor of w and 32?
16
Suppose -4 = -3*d - 1. Suppose 5*m - 2*m = 30. Let g be (-8)/m*(0 + -5). Calculate the highest common factor of d and g.
1
Let y be 516/8 - (1 + 3/(-6)). Calculate the highest common factor of 48 and y.
16
Suppose 3*p + 0*p + 1470 = 0. Let t be (p/15)/(4/(-12)). Calculate the greatest common divisor of t and 14.
14
Suppose 0*t - 100 = -5*k + 5*t, -5*t + 35 = 4*k. What is the highest common divisor of k and 75?
15
Let i be -20*(-2 - 3/(-2)). Let g = i - -8. What is the highest common divisor of 9 and g?
9
Suppose 0*c = 5*c - 10. Suppose 0 = -c*m + m. Suppose 2*r + 4 - 14 = 0, m = 5*u - 4*r. What is the highest common factor of u and 36?
4
Let f(i) = -i + 4. Let o be f(-5). Let y = -10 - -14. Suppose n + v = 3*n - 3, y*v = -n - 3. What is the greatest common factor of o and n?
1
Let l be 6 - -8*(-3)/6. Suppose -3*q + a = -29, -2*q - 2*q + 43 = 3*a. Suppose p = l*p - q. Calculate the greatest common factor of p and 2.
2
Suppose 0 = -0*f + 3*f - 42. Let w(n) = -n**3 - n + 1. Let p be w(1). Let x be 4/(27/21 + p). Calculate the greatest common factor of x and f.
14
Suppose -4*t - 46 = -6*t. What is the greatest common divisor of t and 161?
23
Suppose 0*k - 4*s = -4*k + 112, 0 = -5*k - s + 152. Suppose 7*x - k = 2*x. What is the greatest common divisor of x and 24?
6
Let t be 1/4*(9 - 1). Suppose -n + 6*j = 3*j - 18, t*n - 3*j - 30 = 0. What is the greatest common divisor of 8 and n?
4
Suppose -2*l - 4 = -j - j, 4*l = -3*j + 20. Suppose 0 = j*w + 10 - 2. Let h be 45 + 1/2*w. Calculate the highest common divisor of h and 11.
11
Let q = -7 + 12. Suppose 0 = -4*r + 44 + 16. Calculate the highest common factor of q and r.
5
Let r(f) = -f**2 - f + 2. Let w be r(-2). Let k be 4/(w + (-1)/(-13)). Calculate the greatest common factor of k and 13.
13
Suppose -3*s - 13 = 4*v - 57, 0 = -3*s + 12. Let f(c) = c**2 - 9*c + 11. Let o be f(v). Calculate the greatest common factor of o and 27.
3
Let h be (0 - -6)/((-2)/(-28)). What is the greatest common factor of h and 12?
12
Let m be (2/4)/((-2)/(-60)). Suppose 3*a - 44 = 1. What is the highest common divisor of a and m?
15
Let q(j) = -j**3 - 6*j**2 + 13*j + 7. Let h be q(-8). Calculate the greatest common factor of h and 124.
31
Let k(a) = 20*a + 4. Let y be 48/9 - (-3)/(-9). Let l be k(y). Calculate the highest common divisor of 13 and l.
13
Suppose 200 = -4*t + 728. Suppose 4*v + 4*m - 2*m = -330, -m + 87 = -v. Let i = t + v. Calculate the greatest common factor of i and 12.
12
Let a = 94 + -58. Suppose 0 = -4*y - 24 - 12. Let n = 13 + y. What is the greatest common divisor of a and n?
4
Let q(i) = 4*i**2 - 1 - 3*i**2 - i - 49*i**3 - 2*i**2. Let m be q(-1). Calculate the highest common divisor of 8 and m.
8
Let n be (-1149)/(-12) - 9/12. What is the greatest common divisor of 38 and n?
19
Let f(j) = -j + 31. Let t be f(15). Calculate the highest common divisor of t and 8.
8
Let m(s) = -s**2 + 9*s - 3. Let f(y) = -2*y**2 + 19*y - 7. Let g(w) = -2*f(w) + 5*m(w). Let q be g(6). What is the highest common divisor of 45 and q?
5
Let g = 14 - -10. Let x be 3 - (-1)/((-2)/(-6)). Calculate the greatest common factor of g and x.
6
Let p be 4/18 - (-3778)/9. Suppose 0 = -4*u - u + p. Let l be (-380)/(-32) - 1/(-8). Calculate the highest common divisor of l and u.
12
Let p be 22/(0 - (1 - 0)). Let s be p/4*(-4 - 34). Calculate the highest common factor of s and 19.
19
Let l be (-1)/(-4) - 333/(-12). Calculate the greatest common factor of l and 84.
28
Let m = -79 + 86. Let t = -33 - -47. What is the greatest common factor of t and m?
7
Suppose -17 - 7 = -4*q. What is the highest common factor of 60 and q?
6
Let x = 15 + -11. Suppose -x*w + 8 = 5*f, 4*f - 8 + 0 = -4*w. Calculate the greatest common factor of 8 and w.
2
Suppose 2*t = 2*z - 4, 0 = z - 4*t + 7. Calculate the highest common factor of 10 and z.
5
Let t = -64 + 98. Calculate the highest common divisor of 17 and t.
17
Suppose -3*l - 145 = -5*l + 5*i, -2*l + 136 = 4*i. What is the greatest common divisor of l and 20?
10
Let g(f) = 2*f**3 + 2*f**2 - f + 2. Let b be g(2). Suppose 2*x + 90 = -3*x. Let s = 18 - x. What is the greatest common divisor of b and s?
12
Let i(f) = 0 - 6 - 3 - 4*f. Suppose -5*d + 5*z - 25 = 0, -5*d + z = -0*z + 29. Let u be i(d). Calculate the greatest common divisor of u and 90.
15
Let c = 41 - 28. Let n = c + -9. What is the greatest common divisor of n and 16?
4
Let t(c) = c**2 - 1 + 4*c + 5 - 4. Let b be t(-9). Calculate the greatest common factor of 18 and b.
9
Let r be ((-3)/(-2))/(15/100). Let l(i) = -i**2 - 6*i + 5. Let f be l(-5). Calculate the highest common divisor of f and r.
10
Suppose 3*x + 20 = 8*x. Suppose 0 = 3*t - x*t + 8. What is the greatest common factor of 2 and t?
2
Let x be (-2)/(2 + (-7)/3). Let m = -111 - -213. Suppose 2*f = 30 + m. What is the greatest common divisor of x and f?
6
Suppose 304 = 10*k + 84. What is the greatest common divisor of k and 2?
2
Let b = 492 - 348. What is the greatest common factor of b and 9?
9
Let l(v) = -v**3 - 7*v**2 + 6*v + 7. Let o be l(-8). Suppose 4*f = -33 - o. Let u = 26 + f. Calculate the greatest common divisor of u and 96.
12
Let v(o) = 7*o**2 + 5*o - 7. Let f(j) = 20*j**2 + 14*j - 20. Let k(s) = -6*f(s) + 17*v(s). Let h be k(0). What is the greatest common divisor of h and 2?
1
Suppose 3*l = -122 - 61. Let b be 6/27 - l/9. Let v be ((-1)/(-1))/((-4)/(-84)). What is the highest common divisor of b and v?
7
Suppose 0 = -4*z + y + 14, 0*z - 4*z = -2*y - 16. Let c be 2*((-7)/(-2) + -3). What is the greatest common divisor of c and z?
1
Let j(c) be the third derivative of 0*c + c**2 - 1/3*c**3 + 0 + 3/8*c**4. Let b be j(2). What is the greatest common divisor of 48 and b?
16
Let w = 18 - -15. Let k be -1 + (-15)/(3*-1). Suppose 55 = n + k*n. What is the greatest common divisor of w and n?
11
Let m = -75 - -103. What is the greatest common divisor of 4 and m?
4
Let j = -1 + 1. Suppose j = -q - 3*b + 65, -7*q - b